 - 5) + 2 + 2.
1
-7 + 19 + (-1 - 6)
5
Calculate -12 + 11 + (-1 - (1 - 8)).
5
What is the value of 0 - 8 - 3 - -5?
-6
-6 - 0 - (-52 - -45)
1
0 - (-4 + (8 - 3 - 3))
2
Calculate -2 + 0 - 1 - (-5 + 3).
-1
Evaluate (2 - 7 - -5) + 2 + -6.
-4
Calculate (12 - 13) + (0 - 0) - -2.
1
Calculate 12 + (13 - 28) + -6.
-9
What is 4 + -16 + 3 - -2?
-7
Evaluate -1 + (-7 - -2) + 9.
3
Calculate -2 + 3 + 4 + -4.
1
What is the value of -1 + -11 + (2 - -6)?
-4
Calculate 12 - 8 - (-1 + 0 + 0).
5
Calculate -6 + -2 - (-13 - (6 + -5)).
6
What is the value of 14 - (1 - (-3 + 3 + -6))?
7
-1 + 6 + -1 + 0
4
Calculate 3 + -6 + (-4 - -8 - 1).
0
Evaluate 1 + 0 + -3 - 1 - -4.
1
Evaluate -7 + (-7 - -8) + 4.
-2
What is -5 + 2 + (7 - 1)?
3
Calculate -3 + (-1 - -1 - 0).
-3
-6 - -3 - 2 - 0
-5
0 - -6 - (3 + (-5 - -10))
-2
Calculate 5 + 0 + (-1 - (-5 - -4)).
5
What is the value of -11 + 4 + -3 + 3?
-7
-10 - 2 - (0 - (-5 - -10))
-7
Calculate -3 - (2 - (-2 - -5)).
-2
What is the value of (-5 - -2) + 1 + 4?
2
What is (-1 - -6) + -3 - 0 - -7?
9
What is 0 + 1 - (-8 + 6 - 2)?
5
Calculate (-4 - (0 - 5)) + 3.
4
5 - 3 - (1 - (-2 + 6))
5
Calculate 5 + 11 + (8 - 16).
8
Evaluate 0 - 3 - (0 - 6) - -1.
4
What is the value of -1 + (-2 - 3) - (124 + -131)?
1
Evaluate 5 - 2 - (5 - (5 - 4)).
-1
Calculate 15 + (-32 - -12) + (1 - -1).
-3
Evaluate (-24 - -27) + (1 - 3) - 0.
1
Evaluate -12 + -2 + -8 + 26.
4
Evaluate (2 - 1) + 6 + (-3 - 0).
4
-3 + -2 + (19 - 3 - 7)
4
Evaluate 1 + 1 + (-16 - -8) + 3.
-3
What is 3 - 1 - (9 + -3)?
-4
Evaluate (3 - (-5 + 1)) + -1.
6
Calculate -5 - (8 - 5 - 15).
7
What is the value of -2 + 0 - (19 + -24)?
3
What is the value of 0 + -6 - ((2 - 1) + -2)?
-5
What is -1 + -6 + 3 + 9?
5
Evaluate 0 - (7 - (-5 - -6)).
-6
What is the value of -14 + 12 - (-2 + -2 - 0)?
2
Evaluate (2 - 4) + 2 - (20 + -20).
0
Evaluate -5 - (3 + (1 - -2) + -6).
-5
Evaluate -4 + 6 + 1 - 2 - 0.
1
Evaluate (-4 - ((-4 - -7) + -2)) + 2.
-3
What is (45 - 31) + 2 + -10?
6
What is (8 + 9 - 9) + -10?
-2
Calculate -13 - (-8 + -4 + 0 + 6).
-7
Calculate (3 - 4 - -4) + 0 + -8.
-5
What is the value of 11 - 5 - (-2 - -1) - 3?
4
What is the value of -4 - -1 - (1 - (-1 + -1))?
-6
Evaluate (-7 - -8 - (-4 + 2)) + -2.
1
What is the value of -6 + -8 + 32 + -10?
8
Evaluate -5 + 1 - (-13 + (8 - -3)).
-2
What is 0 + 1 + -234 + 226?
-7
-2 - (-3 + -1 - -4)
-2
Evaluate -8 - ((-5 - -4) + -12) - 14.
-9
Calculate 2 + (-10 - -13) + -3.
2
What is 0 + 6 - (4 - 20 - -15)?
7
Calculate 1 + (3 - (6 + -1)) + -3.
-4
-14 + 9 - (-3 + 0)
-2
Calculate -11 + (-6 - (-5 - 9)).
-3
What is the value of 2 + -6 + -2 + 5?
-1
What is the value of (3 - -7) + 1 - 17?
-6
-3 - (-6 + -5 - -5)
3
Calculate -2 + 7 + -7 - -1 - 1.
-2
What is (-2 - (-6 - (2 - 0))) + -9?
-3
Evaluate (11 + -16 - -1) + (-1 - -1).
-4
What is the value of 5 + -7 + 4 + 0?
2
-86 + 93 + (-14 - -2)
-5
-2 - (1 - (0 + 3) - -2)
-2
-7 + 3 - 1 - -1
-4
What is the value of -2 - (-4 + (-4 - -9 - 2))?
-1
What is the value of -24 + 15 + 3 + -1?
-7
What is (-3 - -7) + -11 - -5?
-2
What is -4 - (-4 - (5 - (-4 - -9)))?
0
Evaluate -4 - -10 - 12 - -2.
-4
What is -3 + 2 - -3 - 0?
2
-9 + 6 + 3 + -5
-5
Evaluate -1 + -4 + 7 + 3.
5
Evaluate 0 - (-1 + -2 - -1).
2
What is -3 - (-2 - (4 + -1))?
2
Evaluate -2 + 8 + (3 - 10).
-1
What is the value of -2 + -3 - -4 - -5?
4
Evaluate (4 - (-4 - 0 - -7)) + 6.
7
0 + -2 + (-1 - -5)
2
Evaluate 1 - (9 - 13) - 1.
4
What is 4 - 4 - 1 - -1 - -3?
3
What is -16 + 15 + -2 + -1?
-4
Calculate 3 + (-7 - -2 - 1 - -4).
1
Evaluate 5 + (0 - (1 + 1)) + -3.
0
Evaluate 6 + (-1 - (1 - (-4 - 3))).
-3
2 + -3 + 1 + 1 + 0
1
What is -2 - (0 + -1) - (-12 - -11)?
0
2 + -2 + -1 - -3 - 7
-5
Calculate (-6 - 0) + (-11 + 20 - 3).
0
What is 0 + 0 + 2 - 7?
-5
What is (2 - (3 + 2 + -1)) + -3?
-5
-4 + (-31 + 43 - (-1 - -7))
2
What is the value of (-7 + 6 - 0) + -4?
-5
What is the value of (3 - 3) + (-6 - (-7 - 0))?
1
-1 + -2 + -5 + (-15 - -22)
-1
Calculate -6 + 3 + (7 - 6) + -2.
-4
What is (5 - (5 - (-4 + 1))) + 5?
2
-4 - (-2 - (-3 + 2) - 1)
-2
Evaluate 1 + (0 - -1 - (26 + -20)).
-4
Evaluate -9 - (2 - (4 - -3)).
-4
What is the value of 13 + -20 + 1 + 3?
-3
Evaluate (-9 - (-5 + 5 + -7)) + -1.
-3
What is the value of 113 - 115 - (-1 + -4)?
3
Evaluate (-7 + 13 - 6 - -2) + -8.
-6
Evaluate 6 + 0 + 3 + -9.
0
What is the value of (1 - 1) + -2 + (2 - 2)?
-2
What is (-1 - (1 + -5)) + -6?
-3
What is the value of -1 + 6 + (-26 - -22)?
1
-10 + (8 - -1) - 0
-1
Calculate 1 + (-6 - -2) + 4.
1
Calculate 1 - (-1 - (0 + -4)).
-2
Calculate -5 + (24 - 2) + -11.
6
What is (10 - 4) + -4 - 2?
0
What is 2 - (0 + 2 + 3) - -5?
2
What is the value of 6 + (-1 - (6 - 5))?
4
Calculate 3 - -2 - -1 - (-193 + 191).
8
Calculate 0 + 5 - (4 - 5).
6
Calculate -2 - (-3 + (0 - (-4 + 9))).
6
What is -3 + (3 - (2 + (-5 - -3)))?
0
Evaluate 3 - (-4 + 2 + 1).
4
(6 - 10) + 0 - -8
4
Calculate 1 - ((5 - 9) + 3).
2
(5 - (-3 - -3)) + 2 + -2
5
What is the value of (3 + -9 - -15) + -4?
5
What is -6 + 0 - (-5 - 2)?
1
What is (1 - -6) + (5 - (-3 + 10))?
5
What is the value of (11 - 12) + 11 + -1?
9
(-1 - (6 - 11)) + -11 - -5
-2
Evaluate (-37 - -32) + (7 - -1).
3
What is 10 - -2 - (8 + 7 - 9)?
6
What is the value of 3 + (-5 - -7 - 4)?
1
Evaluate (-2 - (-3 + 2)) + (52 - 56).
-5
What is (0 - -3) + (6 - 9) + 0?
0
((-3 - 1) + -2 - 0) + 10
4
What is 65 + -62 + (2 - 3 - 0)?
2
Evaluate (2 - (-1 + 11)) + 7 - 7.
-8
Calculate -2 + 4 + 5 - 1.
6
Calculate -1 - 0 - (0 + 0 + 6).
-7
Calculate -3 + 3 + -4 - (3 + -2).
-5
Evaluate (-7 - (-18 + 5)) + 1 + -17.
-10
Evaluate 3 + -1 - (1 - 0) - 0.
1
Calculate (-8 - 2) + -20 + (7 - -21).
-2
Calculate -21 + (17 - 4) + 16.
8
0 + -1 + 1 + (-28 - -29)
1
Calculate (3 - 7) + 1 + -1.
-4
Evaluate -8 - (1 + -2 - 10).
3
What is -9 + -3 + 18 - 0?
6
-5 + -5 + 3 - (8 - 11)
-4
What is the value of (-12 - -19) + 2 + -6 - -7?
10
Calculate -3 + 3 + 0 - -1.
1
What is the value of -2 + 0 + 1 + 2 - 2?
-1
Calculate (7 - (22 + -8)) + 4 + 3.
0
Calculate 0 - (-2 + (-4 - (-1 + -6))).
-1
What is -6 + -4 + (5 - -3) - -2?
0
Calculate 1 - -6 - -3 - (8 + -4).
6
What is the value of (8 - ((-5 - -4) + 5)) + -5?
-1
Evaluate -11 - (1 + -4 + -4).
-4
Calculate -3 - (-3 + 2) - -2.
0
-7 - (-6 + 2) - -6
3
-2 - 2 - (-14 + 15) - -4
-1
Calculate -11 + 3 - -1 - (0 + -1).
-6
-6 + (14 - (-3 + 7))
4
Calculate 21 + (16 - 32) + (1 - 3).
3
0 + (-2 + 0 - -4)
2
Evaluate (-1 - -9) + -4 + 3 - 3.
4
Calculate (-1 - 4) + 4 - -6.
5
Calculate (5 - (-1 - -3)) + -1.
2
What is 0 - (0 - (3 + 4 - 2))?
5
Evaluate -14 - (-10 + -6 + 8).
-6
What is the value of -1 + 1 - (0 + 1 + -6)?
5
What is -3 + (-4 - (-5 - 3))?
1
What is -2 - ((-7 - -4) + -4)?
5
What is the value of (-8 - (-17 - -1)) + -6?
2
(-6 - (3 - 2)) + (2 - -14)
9
What is the value of -3 - (6 - 9) - 5?
-5
What is 45 + -42 + (-6 - -2)?
-1
Evaluate 4 + (0 - 7 - 2).
-5
-1 + (0 - 8 - -11)
2
What is 9 + -7 - (6 - (0 + 3))?
-1
What is the value of 3 - ((-5 - -3) + 0 - -3)?
2
Calculate -4 + 2 + -1 - -6.
3
Evaluate (3 - (4 - 3)) + -2.
0
2 - 0 - (35 + -27)
-6
Calculate 1 + 2 - (15 + -6 + -12).
6
What is the value of -1 - -2 - 1 - -5?
5
Calculate -3 + (-3 - -7) + -3.
-2
(4 - (5 + 0)) + 0 + 1
0
What is -2 + -2 - (1 - (2 - 0))?
-3
Calculate -5 + (0 - 9) + 11.
-3
What is 8 + -5 + -1 + 2?
4
1 - ((-4 - -9) + -5)
1
Evaluate (9 + -10 - -10) + -15.
-6
-1 - (-3 - (2 + 4 + -5))
3
What is -6 - -6 - ((-16 - -5) + 5)?
6
Calculate 7 - 1 - 3 - (-1 - -1).
3
Evaluate (-4 + 2 - 1) + 7 + 1.
5
Calculate 1 - (0 - -1) - -5 - 2.
3
Evaluate -3 - 1 - (17 + -24).
3
What is -4 - -9 - (-9 - -18)?
-4
-5 - ((-4 - -4) + -3)
-2
What is -1 + -3 + 2 + -3?
-5
-6 + 15 + 0 + -10
-1
Calculate 2 + (1 - -6 - 2 - 4).
3
Evaluate -6 + -1 + (0 - -5).
-2
Calculate 0 + -4 + (0 - -1).
-3
Calculate (-6 + -5 - -5) + 0 + 0.
-6
Evaluate -4 - (8 - (5 - -9)).
2
Evaluate -5 - (-8 + 6 + -2).
-1
7 - (3 + 1 + (-2 - 0))
5
What is the value of -9 - -4 - 0 - (-2 - 3)?
0
Calculate 4 + 0 + (-16 - (2 - 6)).
-8
What is (4 - (-2 - 0)) + -5 - 4?
-3
Evaluate (-6 + 2 + -4 - -4) + 6.
2
Calculate -2 - (2 + 2 - 11).
5
What is 69 + -56 - (9 + 0)?
4
What is the value of (5 - (2 - 1)) + -5?
-1
What is the value of (3 + 5 + -13 - -4) + 4?
3
Evaluate 2 + 0 - (4 - 3).
1
What is the value of 5 + 0 - (16 - (2 + 10))?
1
What is -6 + (-5 - -12 - (-7 - -1))?
7
What is -6 - 7 - -3 - -10?
0
What is the value of 10 + (-24 - -8) + 